 first derivative of f**4/4 + 10*f**3/3 - f + 1. Let x be j(-10). What is the units digit of 1 + x + 0 + 2?
2
Let t = 16 + -10. Let a = t - 3. Let r = a + 6. What is the units digit of r?
9
What is the tens digit of (231/6)/(-7)*-8?
4
Let f = 12 + -4. Suppose -p - g - 3 = -2*p, 2*g = -f. What is the units digit of p - (-4 + (-1)/1)?
4
Suppose -4*p = -708 - 220. Suppose -5*z + 8 + p = 0. What is the tens digit of z?
4
Let g(s) = s**2 - s + 4. Let y be g(0). Let h = -1 - -1. Suppose 8 + h = y*z. What is the units digit of z?
2
Suppose 3*d - 2*l + 33 = 0, 4*d + 2*l + 44 = -2*l. Let o = -8 - d. Suppose 0*c + 27 = o*c. What is the units digit of c?
9
Suppose 0 = -5*o + r + 195, 0*o - 180 = -5*o - 2*r. What is the units digit of o?
8
Let r be (3/4)/((-3)/12). Let n = r + 13. What is the tens digit of n?
1
Let g = 6 - 2. Suppose 3*c - 27 = -3*w, -g*w + 9 = -4*c - 11. What is the units digit of w?
7
Let o(x) = -22*x + 1. Let j be o(-3). Let z = -37 + j. Suppose -2*y + z = 4*b, 0 = 5*b + 4*y - 33. What is the units digit of b?
9
Let q be ((-2)/4)/(1/(-4)). Suppose 5*t - q*z - 95 = 3*z, t - 2*z - 17 = 0. What is the tens digit of t?
2
Let m be (-1 + 0)/((-2)/4). Let w = m + 2. Suppose 5*v + w = 39. What is the units digit of v?
7
Let g = 17 - 11. Let t(o) = -o**3 + 5*o**2 + 7*o - 6. Let d be t(g). Suppose 5*z + 4*j - 17 = d, 3*z + j = -0*j + 6. What is the units digit of z?
1
Suppose 3 = 4*w - 7*w. Let p = 3 + w. Suppose b - 12 = -p*i, 3*b - i = 6*b - 11. What is the units digit of b?
2
Suppose -6*u + u - 70 = -5*f, 0 = -4*u - 4*f - 40. Let r = u + 19. What is the units digit of r?
7
Suppose 0 = 3*i + i. Suppose -l + 20 = -i*l. What is the units digit of l?
0
Suppose 3*u + 3*t - 135 = 0, 4*u - 3*t + 0*t - 208 = 0. What is the units digit of u?
9
Suppose -3*y = -0*y + 75. Let q = -14 - y. What is the units digit of q?
1
Suppose -3*k - 42 = -3*t - 0*k, 5*t = 2*k + 67. Suppose 0 = 3*n + 9, -z + t = 4*n - 0*n. What is the tens digit of z?
2
Let b(i) = i**2 - 3*i + 4. Let w be b(4). What is the units digit of (w - 4)*1*3?
2
Let y = -90 - -128. What is the tens digit of y?
3
Suppose -3*w + 5*w - 274 = -4*i, -3*w = 3*i - 423. What is the tens digit of w?
4
Let l(j) be the second derivative of -4*j**5/5 + j**3/6 + j**2 + 5*j. What is the tens digit of l(-1)?
1
Let z(h) = h**3 - 6*h**2 - 11*h + 7. Let p be z(7). Let x = 49 + p. What is the tens digit of x?
2
Suppose 18 = 5*v + 3. What is the units digit of v?
3
Suppose 8 = j - 31. What is the units digit of j?
9
Let i(h) be the first derivative of h**3/3 - 3*h**2 + 5*h + 5. Let k be -14*(10/(-4) + 2). What is the tens digit of i(k)?
1
Let j(q) = 34*q. What is the tens digit of j(1)?
3
Let h = -36 + 53. Let j = 35 - h. What is the tens digit of j?
1
Let k(o) = o**3 - 9*o**2 + 10*o - 5. What is the units digit of k(8)?
1
Suppose 0 = h + z - 20, 2*h - z - 7 = 45. What is the units digit of h?
4
Suppose -r = 0, -2*j = -5*j - 5*r + 78. What is the units digit of j?
6
Let l = -67 - -127. What is the units digit of l?
0
Let a(b) = b**3 + 8*b**2 + 7*b - 7. Let n be a(-7). Let k = n - -14. Suppose -m - r = r - 5, -k = -4*m + 5*r. What is the units digit of m?
3
Suppose 25*h - 204 = 21*h. What is the tens digit of h?
5
Let n(r) = 2*r**2 - 5*r - 5. Let p be n(7). Suppose -4*u + p = -74. What is the units digit of u?
3
Suppose 0*y = -5*y + 15. Let c be (-6)/(10/(-2) + y). Suppose 2*i - 5 = -5*m, c*i - 1 = -4*m + 3. What is the units digit of m?
1
Let p be -3 + (-5)/(1/(-1)). Let u(k) = -p*k**2 - 6 + 3*k**2 + 3. What is the units digit of u(3)?
6
Suppose -3*w = -2*w + 2, -2*w + 200 = 4*c. What is the tens digit of c?
5
What is the tens digit of (-12)/(-8) + 420/8?
5
Suppose -g = -5*g. Let z be 1 + 0 + g + 11. Suppose 3*a - 2*i + 6*i - z = 0, -5*i - 20 = -5*a. What is the units digit of a?
4
Suppose -5*g - 5*a = -0*a - 1375, 0 = -g + 3*a + 291. What is the units digit of g?
9
Suppose 2*k = 3*t + 5*k - 84, 74 = 3*t - 2*k. What is the tens digit of t?
2
Let f be 3/((-9)/(-6)) - -2. Suppose -2*v - 7 = 3*i + 3, -4*v - f*i = 28. Let p = v - -25. What is the units digit of p?
4
Suppose 3*v - v - 10 = 0. Suppose -29 = -2*a - v*c, 81 = 5*a - c + 5*c. What is the units digit of a?
7
Let l(a) be the first derivative of -2*a**2 - a + 2/3*a**3 + 2. What is the units digit of l(3)?
5
Let l = 28 - 15. What is the units digit of l?
3
Suppose 0 = -w - 2 + 14. Suppose -w = -k - 2. What is the tens digit of k?
1
Let p be 3/6 + 3/(-2). Let c(u) = -2*u + 1. Let o be c(p). Suppose o*s + 2*s - 55 = 0. What is the units digit of s?
1
Suppose -3*v = 2*b - 0*v - 92, -2*b + 106 = -4*v. Suppose 3*t + t = -3*g + b, -4*g = 4*t - 60. What is the units digit of g?
1
Let r be (1 - (-1 - 2))/2. Suppose 5*k + 0*k - r*b = 24, -k = 3*b + 2. Suppose -k*c + w = -4*w - 28, 6 = -c - 2*w. What is the units digit of c?
2
Let y(k) = -k**3 + 3*k**2 - k + 1. Let f be y(2). Suppose 10 = -2*g - f*g. What is the units digit of (-8)/3*(-1 + g)?
8
Let v(a) = -13*a - 19. Let g(t) = 4*t + 6. Let w(k) = 8*g(k) + 3*v(k). What is the units digit of w(-5)?
6
Let h(n) = -4*n**3 - n. Let l be h(-1). Suppose -2*j + 27 = l. What is the units digit of j?
1
Suppose x = 3*x - 10, -4*c + x = -523. What is the hundreds digit of c?
1
Suppose 0 = 5*r, -2*r + 58 = 2*h - 164. What is the units digit of h?
1
Suppose 5*y = -2*a - a + 30, -a = -y - 2. Suppose h - 12 = -a*k + 12, 2*k = 4. What is the units digit of h?
4
Let f(s) = -6*s - 1. Let c be f(-3). Suppose 3*x - c = 43. Suppose 0 = 5*v + x, 4 - 1 = n + 2*v. What is the units digit of n?
1
Let g = -4 + 124. What is the units digit of g?
0
Let h(d) = d**3 - 10*d**2 + 31*d - 10. What is the units digit of h(8)?
0
Suppose -l = 3*l - 40. Suppose l = -2*k + 44. What is the tens digit of k?
1
Suppose -5*u = -u - 12. Suppose 2*i - 5 - u = 0. What is the units digit of -1 + 0 + i/2?
1
Suppose -2*d + 5 = 3. Let g(k) = 8*k**3. What is the units digit of g(d)?
8
Let y = -8 + 15. What is the tens digit of (y/(-2))/((-1)/8)?
2
Suppose -10 = -5*b + 5. Suppose -14 = -b*t + 46. What is the tens digit of t?
2
Let s(i) = 2*i - 2. Let x be s(6). Let o = x + -16. Let z = o + 7. What is the units digit of z?
1
Let l(s) = -7*s**3 - 9*s**2 - 14*s + 1. Let w(k) = -13*k**3 - 18*k**2 - 27*k + 3. Let r(y) = -11*l(y) + 6*w(y). What is the units digit of r(-8)?
7
Let l(z) = 27*z - 2. What is the hundreds digit of l(8)?
2
Let h = 4 + -6. Let k be h*(-5)/((-15)/(-6)). Let v(w) = -w**3 + 4*w**2 + 2*w - 2. What is the units digit of v(k)?
6
Let o(a) be the third derivative of a**5/60 - 7*a**4/24 + 3*a**3/2 - a**2. What is the tens digit of o(9)?
2
Let o(t) = -t**3 - 2*t**2 + 4*t + 3. Let s be o(-3). Suppose 4*b + 3*i = 19, b + 3*i = -s - 2. What is the units digit of b?
7
Let z = 34 - 28. Let f(b) = -2*b**2 - 6*b + 6. Let i(o) = 3*o**2 + 6*o - 7. Let y(u) = 4*f(u) + 3*i(u). What is the units digit of y(z)?
3
Let u(a) = -a**3 + 4*a**2 + 6*a - 5. Let n be u(5). Suppose n = -2*m + 3*m - 5. What is the units digit of m?
5
Let t be -2 + (-3 - 65*-1). What is the tens digit of -5*(-3)/(t/88)?
2
Let u(h) = -3*h**2 - 2. Let p be u(-2). Let f = 10 - p. Suppose -3*b = -f - 12. What is the units digit of b?
2
Let i be (-116)/8 + (-2)/4. Let n be (-10)/i + (-2)/3. Suppose 2*t = -n*t + 14. What is the units digit of t?
7
Suppose 3*c = 2*q + 102, 0 = -5*c + 4*q + 136 + 32. What is the tens digit of c?
3
Let g = 5 - 0. Suppose 0 = -4*r - 4*y, 2*r + 3*y + g = 2. What is the units digit of r?
3
Let q(i) = -2*i - 2. What is the units digit of q(-7)?
2
What is the units digit of (-3)/5 - (-504)/15?
3
Let a(w) = -w**3 - 6*w**2 + 7*w + 3. Let l be a(-7). Suppose -10 = -l*g - 1. What is the units digit of g?
3
Let n = 100 + 16. What is the units digit of n?
6
Let c(w) = 3*w**2 + 19*w + 7. Let p(q) = -5*q**2 - 29*q - 11. Let m(j) = 8*c(j) + 5*p(j). What is the tens digit of m(3)?
1
Suppose 3*f + j = 170, 2*f - 3*j - 78 - 28 = 0. What is the tens digit of f?
5
Let m = 1 + 1. Suppose -v + 29 = m*t - 4*v, t - 27 = -v. What is the units digit of t?
2
Let f(l) = 3*l**2 + 10*l + 6. What is the units digit of f(-6)?
4
Suppose 5*l = 3*c - 41, -3*c - 2*l - 3*l = -1. Suppose -2*y = -0*y. Suppose y = -c*k + 2*k + 40. What is the units digit of k?
8
Let v(k) = 3 - 4 - 3 - 2*k - 3. Let g be -4 - ((0 - 2